k be f(39). List the prime factors of z(k).
541
Suppose -2*d - 7*u + 3*u = -1778, -d - u = -887. Let w = 1396 - d. List the prime factors of w.
7, 73
Let l(o) = o**3 + 12*o**2 + 14*o + 27. Let d be l(-11). What are the prime factors of (-19896)/(-18) - 4/d?
2, 7, 79
Let v = -43162 - -73461. Suppose 25*t - v = 14951. List the prime factors of t.
2, 5, 181
Let x = -5293 - -5634. What are the prime factors of x?
11, 31
Let r be -3 - (4/(-2) - 502). Suppose 5*o - 3*a + r = 0, 0 = 2*o - 3*a + 266 - 62. Let k = o + 185. List the prime factors of k.
2, 43
Let s = 46 + -13. Suppose 28*g = -3*p + s*g + 2877, 3847 = 4*p - 3*g. List the prime factors of p.
2, 241
Let h(i) = 31*i**2 + 40*i + 146. List the prime factors of h(13).
5, 1181
Let h be ((4 - 8) + 4)/(-2). Suppose h = -4*r + 4636 + 92. What are the prime factors of r?
2, 3, 197
Let v(b) = -181*b + 2. Let f be v(1). Suppose -12*r - 630 = -10*r. Let x = f - r. List the prime factors of x.
2, 17
Let n = 24 - 15. Let f(u) = 12*u - 2 + 15*u**2 - n - 2*u**2 - u**3. What are the prime factors of f(13)?
5, 29
What are the prime factors of (-1 - (-7)/((-56)/(-20)))*(6074 - 28)?
3, 3023
Let r = 6417 + 3559. What are the prime factors of r?
2, 29, 43
Suppose 12*d - 8*d - 20 = 0. Suppose -d*h = c - 41 + 5, -3*c = 12. Suppose -z - 7 = -5*s, -3*z + 4*s - h*s = -55. What are the prime factors of z?
13
Suppose -1304*s + 207901 = -1275*s. List the prime factors of s.
67, 107
Let n(t) = 20*t**3 + 8*t**2 + 7*t - 3. Let c(g) = 11*g + 39*g**3 + 2*g + 3 + 15*g**2 - 3 - 5. Let j(k) = -4*c(k) + 7*n(k). What are the prime factors of j(-2)?
3, 13
Let s be (-423)/376*4*-2. List the prime factors of (s - -1477 - -6) + 9.
19, 79
Let r(f) = -6*f**3 + 12*f**2 - 16*f - 5. Let h(v) = 6*v**3 - 13*v**2 + 16*v + 6. Let o(q) = -3*h(q) - 4*r(q). What are the prime factors of o(6)?
2, 5, 107
Let t(n) = 35*n - 33. Let d(y) = 68*y - 65. Let c(g) = -3*d(g) + 5*t(g). List the prime factors of c(-15).
3, 5, 31
Let x(g) = g**2 - 2*g + 1. Let c(n) = n**3 - 18*n**2 - 41*n - 49. Let i(k) = -c(k) + 6*x(k). List the prime factors of i(25).
5, 31
Let h(i) = 199*i**2 - 12*i - 1. Let x be h(4). Suppose 20*w - 9*w - x = 0. What are the prime factors of w?
3, 5, 19
Suppose 7*m - 79 = 12. Let a = m - 17. What are the prime factors of 3 + (a - -4 - -72)?
3, 5
Let d = 409 - -1957. What are the prime factors of d?
2, 7, 13
Let b(a) = -a + 24. Let s be b(0). Suppose 2*o = -4*o - s. Let t(j) = 4*j**2 + 5*j + 3. List the prime factors of t(o).
47
Let v = -423 + 426. Suppose -4*q = -v*o + 5129, -3*o + 2148 + 2989 = 4*q. List the prime factors of o.
29, 59
Suppose 75*i - 3*w = 76*i - 16152, 5*w = 4*i - 64540. List the prime factors of i.
2, 3, 5, 269
What are the prime factors of 4798/(4 + 0 + 2 - (-83)/(-14))?
2, 7, 2399
Let k(g) = 27*g - 25*g + 25 - 22*g - 3*g - g**2. List the prime factors of k(-21).
67
Suppose 0 = 5*j - w - 218304, -190*j + 191*j - 2*w = 43659. What are the prime factors of j?
43661
Suppose f = 5, f - 45 = -5*n + 3*f. List the prime factors of (-496)/(-2) + (n - 12)/(-1).
3, 83
Suppose 5*w + 4*w = 6*w. Suppose 5*c - 4*o - 2 = 10, w = 3*c - 5*o - 15. Suppose c = -2*v - 6, -2*n - 2*v + 262 = 2*v. What are the prime factors of n?
137
Suppose -77*w = -594335 + 110544. List the prime factors of w.
61, 103
Let l = -3842 - -6749. What are the prime factors of l?
3, 17, 19
Let g be (-13586)/16 + (-15)/(-120). What are the prime factors of (2 - g/(-9))*-3?
277
Suppose 5*p - 5 = -4*c, -3*p = -0*c - c + 14. What are the prime factors of (1*-755)/(22/(-4) + c)?
2, 5, 151
Suppose 7*w = 5*w + 2824. Suppose 8*y = 12*y - w. What are the prime factors of y?
353
Let j = -21 + 116. Let d = 102 - j. Suppose 0 = -d*l - 0*l + 1547. List the prime factors of l.
13, 17
Let a = -4912 - -13538. What are the prime factors of a?
2, 19, 227
Suppose -5*z + 4*m = -29915, 5*z + 5*m = 9*z - 23932. What are the prime factors of z?
31, 193
Suppose -6*b + 2*b = -16. Suppose 375 = -b*x + 1199. Suppose 5*o - x = 134. List the prime factors of o.
2, 17
Suppose -721*s + 10641 = -718*s. Suppose 5*x - 3064 = -3*h, -4*h + 533 + s = 4*x. What are the prime factors of h?
2, 509
Suppose 3*h - 30567 = -5*r, -3*r + 3*h + 16740 = -1605. Suppose -21*x + 4890 + r = 0. List the prime factors of x.
2, 131
Suppose 0 = -36*u + 22*u + 1317 + 60983. What are the prime factors of u?
2, 5, 89
Let m be 1 - (4 + 12/(-6)). What are the prime factors of (4/18)/m + 1998/243?
2
Suppose 0 = -4*p + 2*p - 20. Let q be (2/(-4) + 0)*(1 - 3). List the prime factors of q/2 - 1905/p.
191
Let i be (1/(18/12))/(2/(-9)). Let r = i + 121. List the prime factors of r.
2, 59
Suppose 27 - 26 = u. What are the prime factors of 874/u*1 - (-34 - -37)?
13, 67
Let j(x) = -24*x - 3 + 18 + 7*x**2 + 2*x**2 + 20*x. What are the prime factors of j(-5)?
2, 5, 13
What are the prime factors of (-1)/((6/(-24))/(75770/40))?
7577
Let k be (20/15)/(20/7185). Suppose -3*x - v + k + 161 = 0, v - 1068 = -5*x. List the prime factors of x.
2, 107
What are the prime factors of (358 - 336)*(2365/1 + 1)?
2, 7, 11, 13
Let i(j) = 2*j**3 - j**2 + 3*j + 251. Let f be 0*(0 - 0 - 11/22). What are the prime factors of i(f)?
251
Suppose r - 2*r - 8 = -k, -10 = -k - r. Let j(t) = -2*t - 2*t**3 + t**3 - 9 - 16*t + 5 - k*t**2. What are the prime factors of j(-9)?
2, 79
Suppose 6*h - 3*h - 2*o = 284, -2*o + 10 = 0. Suppose 4*v - h = -6. Let t = -19 + v. List the prime factors of t.
2
Let p = -119 - -230. Suppose 4*d + p = 5*d. What are the prime factors of d?
3, 37
Let l = 28052 - 12202. List the prime factors of l.
2, 5, 317
Let h = 1385 - -341. Suppose h = 2*z - 5*i, -2*z + 2*i = 515 - 2253. What are the prime factors of z?
3, 97
Suppose 4*n = -4 - 28. Let k be -3*(n/(-6) + (-3)/9). What are the prime factors of 8/k*324/(-8) - 3?
3, 5, 7
Let m be (7/21)/(2/6) + 11. Suppose -k + m = -3*k + 2*x, x = -k - 10. List the prime factors of 72 + k/(-4) + -1.
73
Let l be (-1 + 3 - -84)*4/8. Let c = -40 + l. Suppose 136 = 2*f + 4*x, x - 8 = c*x. What are the prime factors of f?
2, 19
Let u(d) = 1 + 1 + 2 + 6*d - 3. Let v be u(-3). Let k(o) = -2*o - 28. What are the prime factors of k(v)?
2, 3
Let w(l) = -1. Let a(h) = -h**2 - 2*h - 11. Let i(k) = -a(k) + 5*w(k). Let u be i(-11). Let s = -19 + u. What are the prime factors of s?
2, 43
Let x = 3968 + -2757. List the prime factors of x.
7, 173
List the prime factors of (16 + (-2304)/27)*-54.
2, 3, 13
Let t = -59 + 120. What are the prime factors of t*((2 - 7) + 12)?
7, 61
What are the prime factors of -11 + (12 - 2) + 21822 + -3?
2, 10909
Let j(a) = -15*a + 27. Let t be j(1). Suppose d - 799 = -15*p + t*p, 3995 = 5*d + 4*p. List the prime factors of d.
17, 47
Let p(w) = w**3 - 8*w**2 - 10*w - 5. Let q be p(11). Let y = -154 - 18. Let h = y + q. List the prime factors of h.
2, 19
Let z(f) = -4*f - 18. Let x be z(-4). Let y be x/1 - (284 - 2). Let v = y - -405. What are the prime factors of v?
11
Suppose 3*v + 319 = -162*b + 163*b, -b = -v - 311. Let h be 3 - ((-2)/(-2) - 1). Suppose 134 = h*x - b. List the prime factors of x.
3, 7
Let u(l) = 4*l**2 + 4*l**2 - 5*l - 2*l**2 - 4*l**2 - 6. Let b be u(5). Let f = b + 4. List the prime factors of f.
23
What are the prime factors of 11 - 74*(0 + -79)?
5857
Let a be ((-88)/(-6))/(2*(-12)/72). List the prime factors of (a + -1)/(89/(-1513)).
3, 5, 17
Let w(c) = c**3 - 132*c**2 + 942*c - 164. What are the prime factors of w(125)?
3, 7, 17, 23
Let q(t) = 4*t**3 - 3*t + 11. Let u(p) = 21*p**2 - 22*p**2 + 0*p**3 - p + 1 + p**3. Let c(m) = -q(m) + 3*u(m). List the prime factors of c(-4).
2
Suppose -3207*c + 73430 = -3197*c. What are the prime factors of c?
7, 1049
Let s(x) = -3*x - 5 + 22 + 1 + 18. Let m be s(10). Suppose -t = m*t - 609. What are the prime factors of t?
3, 29
Suppose 292257 = 5*g + n, -3*n - 116896 = -8050*g + 8048*g. What are the prime factors of g?
58451
Suppose 5*j = 2*v - 29, 0*j + 4*j + 30 = 5*v. Suppose -v*w + 2*g + 10 = 0, 3*w - 4*g - 17 = -0*g. List the prime factors of (w - 4/(-4)) + 0.
2
Let y(b) = 26*b + 239. Let l be y(-9). Suppose -22500 = -20*c - l*c. List the prime factors of c.
2, 3, 5
Suppose 13*m = 15*m - 3*b - 309, 0 = -m - 4*b + 138. Suppose -c - c - m = -2*z, 4*z - 5*c - 295 = 0. List the prime factors of z.
2, 5
Suppose 3*p + 5*a + 589 